[INFO] cloning repository https://github.com/ohmountain/blog-api
[INFO] running `Command { std: "git" "-c" "credential.helper=" "-c" "credential.helper=/workspace/cargo-home/bin/git-credential-null" "clone" "--bare" "https://github.com/ohmountain/blog-api" "/workspace/cache/git-repos/https%3A%2F%2Fgithub.com%2Fohmountain%2Fblog-api", kill_on_drop: false }`
[INFO] [stderr] Cloning into bare repository '/workspace/cache/git-repos/https%3A%2F%2Fgithub.com%2Fohmountain%2Fblog-api'...
[INFO] running `Command { std: "git" "rev-parse" "HEAD", kill_on_drop: false }`
[INFO] [stdout] 9922dd1f3dc21e8a341d5c4be964b76d5410a1b6
[INFO] checking ohmountain/blog-api against master#af3c6e733a40e671550e0f0f5aeecaa13772ba56 for pr-74989
[INFO] running `Command { std: "git" "clone" "/workspace/cache/git-repos/https%3A%2F%2Fgithub.com%2Fohmountain%2Fblog-api" "/workspace/builds/worker-13/source", kill_on_drop: false }`
[INFO] [stderr] Cloning into '/workspace/builds/worker-13/source'...
[INFO] [stderr] done.
[INFO] validating manifest of git repo https://github.com/ohmountain/blog-api on toolchain af3c6e733a40e671550e0f0f5aeecaa13772ba56
[INFO] running `Command { std: "/workspace/cargo-home/bin/cargo" "+af3c6e733a40e671550e0f0f5aeecaa13772ba56" "read-manifest" "--manifest-path" "Cargo.toml", kill_on_drop: false }`
[INFO] started tweaking git repo https://github.com/ohmountain/blog-api
[INFO] finished tweaking git repo https://github.com/ohmountain/blog-api
[INFO] tweaked toml for git repo https://github.com/ohmountain/blog-api written to /workspace/builds/worker-13/source/Cargo.toml
[INFO] crate git repo https://github.com/ohmountain/blog-api already has a lockfile, it will not be regenerated
[INFO] running `Command { std: "/workspace/cargo-home/bin/cargo" "+af3c6e733a40e671550e0f0f5aeecaa13772ba56" "fetch" "--locked" "--manifest-path" "Cargo.toml", kill_on_drop: false }`
[INFO] [stderr]     Blocking waiting for file lock on package cache
[INFO] running `Command { std: "docker" "create" "-v" "/var/lib/crater-agent-workspace/builds/worker-13/target:/opt/rustwide/target:rw,Z" "-v" "/var/lib/crater-agent-workspace/builds/worker-13/source:/opt/rustwide/workdir:ro,Z" "-v" "/var/lib/crater-agent-workspace/cargo-home:/opt/rustwide/cargo-home:ro,Z" "-v" "/var/lib/crater-agent-workspace/rustup-home:/opt/rustwide/rustup-home:ro,Z" "-e" "SOURCE_DIR=/opt/rustwide/workdir" "-e" "CARGO_TARGET_DIR=/opt/rustwide/target" "-e" "CARGO_HOME=/opt/rustwide/cargo-home" "-e" "RUSTUP_HOME=/opt/rustwide/rustup-home" "-w" "/opt/rustwide/workdir" "-m" "1610612736" "--user" "0:0" "--network" "none" "rustops/crates-build-env@sha256:d92eaeed33fa75130ca1ee6c8a01d1ffb62bac859dfdfb3450e3e5d1c0146529" "/opt/rustwide/cargo-home/bin/cargo" "+af3c6e733a40e671550e0f0f5aeecaa13772ba56" "metadata" "--no-deps" "--format-version=1", kill_on_drop: false }`
[INFO] [stdout] eefaed27eedce22e858c3b08e558116cfbb00cec2ecb8f51a51e89ef6518a203
[INFO] [stderr] WARNING: Your kernel does not support swap limit capabilities or the cgroup is not mounted. Memory limited without swap.
[INFO] running `Command { std: "docker" "start" "-a" "eefaed27eedce22e858c3b08e558116cfbb00cec2ecb8f51a51e89ef6518a203", kill_on_drop: false }`
[INFO] running `Command { std: "docker" "inspect" "eefaed27eedce22e858c3b08e558116cfbb00cec2ecb8f51a51e89ef6518a203", kill_on_drop: false }`
[INFO] running `Command { std: "docker" "rm" "-f" "eefaed27eedce22e858c3b08e558116cfbb00cec2ecb8f51a51e89ef6518a203", kill_on_drop: false }`
[INFO] [stdout] eefaed27eedce22e858c3b08e558116cfbb00cec2ecb8f51a51e89ef6518a203
[INFO] running `Command { std: "docker" "create" "-v" "/var/lib/crater-agent-workspace/builds/worker-13/target:/opt/rustwide/target:rw,Z" "-v" "/var/lib/crater-agent-workspace/builds/worker-13/source:/opt/rustwide/workdir:ro,Z" "-v" "/var/lib/crater-agent-workspace/cargo-home:/opt/rustwide/cargo-home:ro,Z" "-v" "/var/lib/crater-agent-workspace/rustup-home:/opt/rustwide/rustup-home:ro,Z" "-e" "SOURCE_DIR=/opt/rustwide/workdir" "-e" "CARGO_TARGET_DIR=/opt/rustwide/target" "-e" "CARGO_INCREMENTAL=0" "-e" "RUST_BACKTRACE=full" "-e" "RUSTFLAGS=--cap-lints=forbid" "-e" "CARGO_HOME=/opt/rustwide/cargo-home" "-e" "RUSTUP_HOME=/opt/rustwide/rustup-home" "-w" "/opt/rustwide/workdir" "-m" "1610612736" "--user" "0:0" "--network" "none" "rustops/crates-build-env@sha256:d92eaeed33fa75130ca1ee6c8a01d1ffb62bac859dfdfb3450e3e5d1c0146529" "/opt/rustwide/cargo-home/bin/cargo" "+af3c6e733a40e671550e0f0f5aeecaa13772ba56" "check" "--frozen" "--all" "--all-targets" "--message-format=json", kill_on_drop: false }`
[INFO] [stderr] WARNING: Your kernel does not support swap limit capabilities or the cgroup is not mounted. Memory limited without swap.
[INFO] [stdout] c2ec553e40c6458c4ad1a61b7ee5dbea6b7d418347f8f1e970e9c2838e3eec22
[INFO] running `Command { std: "docker" "start" "-a" "c2ec553e40c6458c4ad1a61b7ee5dbea6b7d418347f8f1e970e9c2838e3eec22", kill_on_drop: false }`
[INFO] [stderr]     Checking rustc-serialize v0.3.24
[INFO] [stderr]     Checking typeable v0.1.2
[INFO] [stderr]    Compiling libc v0.2.24
[INFO] [stderr]     Checking language-tags v0.2.2
[INFO] [stderr]     Checking void v1.0.2
[INFO] [stderr]     Checking modifier v0.1.0
[INFO] [stderr]     Checking serde v0.8.23
[INFO] [stderr]     Checking serde v1.0.9
[INFO] [stderr]     Checking buf_redux v0.3.0
[INFO] [stderr]     Checking bitflags v0.7.0
[INFO] [stderr]     Checking bufstream v0.1.3
[INFO] [stderr]     Checking rand v0.3.15
[INFO] [stderr]     Checking num_cpus v1.6.2
[INFO] [stderr]     Checking memchr v1.0.1
[INFO] [stderr]     Checking mime v0.2.6
[INFO] [stderr]     Checking unsafe-any v0.4.2
[INFO] [stderr]     Checking net2 v0.2.29
[INFO] [stderr]     Checking error v0.1.9
[INFO] [stderr]    Compiling unicase v1.4.2
[INFO] [stderr]     Checking url v1.5.1
[INFO] [stderr]    Compiling serde_derive_internals v0.15.1
[INFO] [stderr]     Checking phf_shared v0.7.21
[INFO] [stderr]     Checking typemap v0.3.3
[INFO] [stderr]     Checking unreachable v1.0.0
[INFO] [stderr]     Checking nix v0.8.1
[INFO] [stderr]     Checking aho-corasick v0.6.3
[INFO] [stderr]     Checking nom v3.1.0
[INFO] [stderr]     Checking thread_local v0.3.4
[INFO] [stderr]     Checking phf v0.7.21
[INFO] [stderr]     Checking plugin v0.2.6
[INFO] [stderr]     Checking regex v0.2.2
[INFO] [stderr]     Checking tempdir v0.3.5
[INFO] [stderr]     Checking twox-hash v1.1.0
[INFO] [stdout] error[E0713]: borrow may still be in use when destructor runs
[INFO] [stdout]    --> /opt/rustwide/cargo-home/registry/src/github.com-1ecc6299db9ec823/url-1.5.1/src/form_urlencoded.rs:251:40
[INFO] [stdout]     |
[INFO] [stdout] 249 | impl<'a> Target for ::UrlQuery<'a> {
[INFO] [stdout]     |      -- lifetime `'a` defined here
[INFO] [stdout] 250 |     fn as_mut_string(&mut self) -> &mut String { &mut self.url.serialization }
[INFO] [stdout] 251 |     fn finish(self) -> &'a mut ::Url { self.url }
[INFO] [stdout]     |                                        ^^^^^^^^ - here, drop of `self` needs exclusive access to `*self.url`, because the type `UrlQuery<'_>` implements the `Drop` trait
[INFO] [stdout]     |                                        |
[INFO] [stdout]     |                                        returning this value requires that `*self.url` is borrowed for `'a`
[INFO] [stdout] 
[INFO] [stdout] 
[INFO] [stdout] error: aborting due to previous error
[INFO] [stdout] 
[INFO] [stdout] 
[INFO] [stdout] For more information about this error, try `rustc --explain E0713`.
[INFO] [stdout] 
[INFO] [stdout] error[E0214]: parenthesized type parameters may only be used with a `Fn` trait
[INFO] [stdout]   --> /opt/rustwide/cargo-home/registry/src/github.com-1ecc6299db9ec823/twox-hash-1.1.0/src/number_streams.rs:67:23
[INFO] [stdout]    |
[INFO] [stdout] 67 |     fn count(self) -> usize() {
[INFO] [stdout]    |                       ^^^^^^^ only `Fn` traits may use parentheses
[INFO] [stdout] ...
[INFO] [stdout] 74 | number_stream!(U32FromBytes, u32, U32_BYTES);
[INFO] [stdout]    | --------------------------------------------- in this macro invocation
[INFO] [stdout]    |
[INFO] [stdout]    = note: this error originates in a macro (in Nightly builds, run with -Z macro-backtrace for more info)
[INFO] [stdout] 
[INFO] [stdout] 
[INFO] [stdout] error[E0214]: parenthesized type parameters may only be used with a `Fn` trait
[INFO] [stdout]   --> /opt/rustwide/cargo-home/registry/src/github.com-1ecc6299db9ec823/twox-hash-1.1.0/src/number_streams.rs:67:23
[INFO] [stdout]    |
[INFO] [stdout] 67 |     fn count(self) -> usize() {
[INFO] [stdout]    |                       ^^^^^^^ only `Fn` traits may use parentheses
[INFO] [stdout] ...
[INFO] [stdout] 75 | number_stream!(U64FromBytes, u64, U64_BYTES);
[INFO] [stdout]    | --------------------------------------------- in this macro invocation
[INFO] [stdout]    |
[INFO] [stdout]    = note: this error originates in a macro (in Nightly builds, run with -Z macro-backtrace for more info)
[INFO] [stdout] 
[INFO] [stdout] 
[INFO] [stderr]    Compiling serde_derive v1.0.9
[INFO] [stderr] error: could not compile `url`.
[INFO] [stderr] 
[INFO] [stderr] To learn more, run the command again with --verbose.
[INFO] [stderr] warning: build failed, waiting for other jobs to finish...
[INFO] [stdout] error: aborting due to 2 previous errors
[INFO] [stdout] 
[INFO] [stdout] 
[INFO] [stdout] For more information about this error, try `rustc --explain E0214`.
[INFO] [stdout] 
[INFO] [stderr] error: build failed
[INFO] running `Command { std: "docker" "inspect" "c2ec553e40c6458c4ad1a61b7ee5dbea6b7d418347f8f1e970e9c2838e3eec22", kill_on_drop: false }`
[INFO] running `Command { std: "docker" "rm" "-f" "c2ec553e40c6458c4ad1a61b7ee5dbea6b7d418347f8f1e970e9c2838e3eec22", kill_on_drop: false }`
[INFO] [stdout] c2ec553e40c6458c4ad1a61b7ee5dbea6b7d418347f8f1e970e9c2838e3eec22
